What is the units digit of i?
3
Let z(b) = -b**3 - 5*b**2 - 4*b. Suppose -5*p = -2*p + 12. Let t be z(p). Suppose t = -a + 3*a - 18. What is the units digit of a?
9
Let x be (0*(-3)/9)/1. Let a = 3 - x. What is the units digit of a?
3
Suppose -4*h + 7 = -9. Let w = 25 - h. What is the tens digit of w?
2
Let k(p) = p + 9. Let j be k(-7). Let d(z) = 14*z**2 - z - 1. Let q be d(-1). Suppose -4 = c - 4*u, -3*c + u + q = j*u. What is the units digit of c?
4
Suppose 8 = d + 3*d. Suppose 2*o - 5*j - 7 = -0, 5*o - 49 = d*j. What is the units digit of o?
1
Let a(b) = b**2 - 1. Let o be a(2). Suppose -o*w = -5*i - 6*w + 16, i - 4 = -w. What is the units digit of i?
2
Let t = -8 - -9. Suppose -t = -j + 1. Suppose -j*u - 1 = -3*u. What is the units digit of u?
1
Let v be 4/(-6) + (-10)/(-6). Suppose 9 = -2*o + v, 4*n + 5*o - 40 = 0. What is the units digit of n?
5
Let c = 99 - 71. What is the units digit of c?
8
Suppose -4*v = -3*v - 22. Let o = v + -12. What is the tens digit of o?
1
Suppose 8 + 12 = 5*b. What is the units digit of 6 + (2 - b) + 3?
7
Let d(o) = -o**3 - 6*o**2 - 1. Let f be d(-6). Let b be (-1 - f)*(-7 - -6). Suppose -8 = -w - b*w. What is the units digit of w?
8
Suppose 5*z - 10 = -0*z. Suppose -3 - z = -w. Suppose 2*i + 4*d = 36, -w*i + 2*d + 25 = -d. What is the units digit of i?
8
Let v be 6/8 + (-31)/4. Let f = v + 4. What is the tens digit of -3*f/((-18)/(-20))?
1
Suppose -11*v + 1255 = -307. What is the hundreds digit of v?
1
Let n(v) be the first derivative of v**3/3 - 3*v**2 + 12*v - 5. What is the units digit of n(6)?
2
Let k be 4 + 0 + 0/(-7). Suppose a + k*p = p - 34, -3*p = 2*a + 53. What is the units digit of -1 - (a - 0)/1?
8
Let k be (-2 + -2)/(-2) + -3. Let b(r) = -10*r**2 + 3*r + 2. Let d(j) = j + 1. Let w(c) = -b(c) + 2*d(c). What is the tens digit of w(k)?
1
Let r(z) = z**3 + 6*z**2 + z + 1. Let w be r(-6). Let y(j) = -3*j - 3. What is the units digit of y(w)?
2
Suppose -25 = -3*q - 0*q + 5*y, -5*q + 4*y = -33. Suppose 2*g + q*a = -29 + 72, 0 = -5*g - 5*a + 85. What is the tens digit of g?
1
Let q(w) = -2*w**3 + 3*w**3 - 7*w + 6*w**2 + 3 - 9. Let t be q(-7). What is the units digit of t/21 + (-44)/(-7)?
6
Suppose -5*h + 1222 = -0*s - 4*s, 0 = -5*s + 10. What is the hundreds digit of h?
2
Suppose -3*k = 2*k + 2*z - 29, -5*k = 3*z - 26. Suppose 2*r - 91 = -k. What is the units digit of r?
2
Let j = 187 - 126. What is the units digit of j?
1
Suppose 5*u - 605 - 5 = 0. What is the tens digit of u?
2
Suppose -2 = -2*v + 104. Suppose -v = -2*z - 5*n, -3*z + 46 = -5*n - 46. What is the units digit of z?
9
Let y be -1 + -9*2/3. What is the tens digit of (-52)/20*(y + 2)?
1
Suppose 158 = -11*i + 1896. What is the units digit of i?
8
Suppose -4*f = -4*j + 16, -4*f - j - 8 = 3*j. What is the units digit of 50*2*f/(-12)?
5
Let s(z) = -z**3 - z**2 - 2*z - 1. Let w be s(-1). Let d be -11*(-2 - (0 - 1)). Let j = d + w. What is the tens digit of j?
1
Suppose 2*s + 2*n + 3 = 61, 3*s - 97 = 2*n. What is the units digit of s?
1
Suppose -7*v = 11*v - 5976. What is the hundreds digit of v?
3
Suppose -22 = 2*x + 12. Let f = -5 - x. What is the tens digit of f?
1
What is the units digit of -215*(3 - 32/10)?
3
Let f(j) = 3*j - 8. Let n(m) = -7*m + 17. Let g(o) = 9*f(o) + 4*n(o). What is the units digit of g(-7)?
3
What is the units digit of 42/(-28)*114/(-1)?
1
Let p(u) = 40*u - 7. What is the units digit of p(2)?
3
Let n(l) = 2*l**2 - 19*l - 8. What is the hundreds digit of n(14)?
1
Suppose -4*v = -5*w + 353, 3*w + 0*v - 4*v = 207. What is the tens digit of w?
7
Let u(d) = 7*d - 37. What is the tens digit of u(11)?
4
Suppose 534 = j + 2*j. What is the units digit of (-2)/(-9) + j/9?
0
Let z(f) = -3*f + 3. Let x(r) = -16*r + 16. Let k(u) = -2*x(u) + 11*z(u). Let d = 0 + -7. What is the units digit of k(d)?
8
Let w(m) = -m**2 + 12*m + 4. What is the units digit of w(12)?
4
Let k(z) = -z**3 + z**2 - 2*z. Suppose 3*v + 0 - 6 = 0. Let m be k(v). Let r(t) = -t**3 - 8*t**2 - t - 1. What is the units digit of r(m)?
7
Let z(a) = a**3 - 26*a**2 + 35*a - 16. What is the tens digit of z(25)?
3
Let a(y) = y**3 - 11*y**2 - 2*y - 20. What is the hundreds digit of a(12)?
1
Suppose -2*o - 22 = -q + 2*o, 2*o + 96 = 3*q. What is the tens digit of q?
3
What is the tens digit of (-117 + -1)/(-2 - 0)?
5
Suppose 2*p + 130 = 4*p. What is the tens digit of p?
6
Suppose 0 = -4*o + 31 - 3. What is the units digit of o?
7
Suppose -5*w + 15 = 5*j, 3*j = 2*w + 8*j + 3. Let d = w + -2. What is the units digit of d?
4
Suppose 0 = -z + 12 + 105. What is the hundreds digit of z?
1
Let q(a) = a**2 + 9*a + 1. Let f be q(-9). Let p be (4 + f)*2/10. What is the tens digit of ((-45)/(-3) + 0)/p?
1
Suppose -2*p + 132 + 582 = 0. What is the tens digit of p?
5
Let m = 24 + 3. What is the tens digit of m?
2
What is the tens digit of (516/24)/(1/2)?
4
Let d = 23 + -13. Let l = d - 7. Let o = 5 - l. What is the units digit of o?
2
Let j = 2 + -2. Suppose -c + 4*c - 9 = j. Suppose 2*a + c*r - 1 = 0, a - r + 1 = -3*r. What is the units digit of a?
5
Suppose -14 = -2*k - 0*k. What is the units digit of k?
7
What is the tens digit of (107 + -5)/(9/6)?
6
Suppose 167 = 6*h - 571. What is the hundreds digit of h?
1
Suppose 0 = -4*f + 2*t + 6, 5*t - 15 = 0. Suppose 6*g - f*g - 30 = 0. Let s(u) = -u**2 + 10*u + 3. What is the units digit of s(g)?
3
Suppose 3*m + 0*b = -2*b + 108, 0 = 2*b - 6. What is the tens digit of m?
3
Suppose 0 = 3*n - 2*n. Suppose -b + 72 - 25 = n. What is the tens digit of b?
4
Suppose -2*b = 3*b. Let h be 1 - ((b - -1) + 2). Let m = h + 4. What is the units digit of m?
2
Suppose 3*u + 4*m - 12 = -0, 3*u - 3*m - 12 = 0. Suppose 0*x = -u*x + 48. What is the units digit of x?
2
What is the tens digit of (-50)/(-4) - (-12)/(-8)?
1
Let h = 12 + 0. Suppose -3*v + 2 = -10. Suppose -v*l = -l - h. What is the units digit of l?
4
Let t(s) = -s**3 - 7*s**2 + 2*s - 7. Let p be t(-8). Let a = 86 - p. What is the tens digit of a?
4
Let i = -13 + 18. Let r(k) = -i*k**2 + 4*k**2 - 3 - 3*k - 9*k. What is the units digit of r(-11)?
8
Suppose 3*j = 3*p, -3*p + 8 = 2*p - j. Suppose 0 = -7*l + p*l + 10. Suppose 3*f = -l*f + 25. What is the units digit of f?
5
Let o(h) = -h**3 + 8*h**2 + 4*h - 2. What is the units digit of o(7)?
5
Let h = -4 + 10. Suppose 0*s + 2*s = h. Suppose s*o = -5*z + 4*z + 4, 2 = -o - 2*z. What is the units digit of o?
2
What is the tens digit of 0 - ((-3)/2 + 315/(-6))?
5
Let q(g) = 10 - 1 - g**3 - 7*g + 0*g**3 - 8*g**2. What is the units digit of q(-7)?
9
Suppose -6*c = -3*c, 5*h + 10 = -c. Let b = -1 - h. What is the units digit of (b/(-3) + 0)*-15?
5
Let k(g) = g**2 - 7*g - 6. Let w(u) = u + 2. Let b be w(3). Suppose -12 = -2*v + o, -v - 8 = -b*o + o. What is the units digit of k(v)?
2
Let a = -15 + 12. Let j(r) = 2*r**2 + r + 7. What is the tens digit of j(a)?
2
Let n(x) be the first derivative of x**2/2 - 3*x - 3. Let u be n(0). What is the units digit of 2*u/((-6)/13)?
3
Let m be (-7 - -5) + 0 + 0. Let k = 2 - m. What is the units digit of 39/3 + k + -3?
4
Let j = 4 + 4. What is the units digit of j*(2 - (-3)/(-2))?
4
Suppose 0 = -4*s - 12 - 28. Let f = -4 - s. Suppose 2*n - 2*h = 16, 5*h + f = -4. What is the units digit of n?
6
Let c = -88 + 106. What is the tens digit of c?
1
Suppose -n = -4*t - 17, -3*t - 6 = n + 12. Let y = n + 28. What is the units digit of y?
5
Suppose -372 = -9*l + 3*l. What is the tens digit of l?
6
Let o = 354 - 132. What is the hundreds digit of o?
2
Suppose 0 = 3*x + z - 6*z - 70, -3*z = -x + 30. Suppose 0 = 5*a - m - 25, 0*m - m = -3*a + x. What is the units digit of a?
5
Let w(m) = -m - 4. Let j be w(-4). Let z(q) = q**3 - q**2 - q + 5. What is the units digit of z(j)?
5
Suppose -5*q = -15 - 10. Let y(w) = -w**2 + 7*w - 5. What is the units digit of y(q)?
5
Suppose -19*w + 12*w = -392. What is the tens digit of w?
5
Suppose 1 = 2*l - 3, -3*o - l + 89 = 0. What is the units digit of o?
9
Suppose w - 6 - 6 = 0. Suppose -3*c - 4 = a - w, 2*c - 38 = -3*a. What is the tens digit of a?
1
Let y(l) be the first derivative of l**3/3 + 5*l**2/2 + 8*l - 4. What is the units digit of y(-7)?
2
Suppose -3*q + 10 = -4*q - 2*f, 4*q - 5*f - 12 = 0. What is the units digit of (-12)/(-8) + q/4?
1
Let v(q) = q**3 + 4*q**2 - 4. Let x be v(-4). Le